nder when j(n) is divided by 35?
34
Suppose 351 = -209*p + 218*p. Calculate the remainder when 160 is divided by p.
4
Let y(o) = -2*o - 3. Let x be y(-3). Suppose -36 = x*k + 6. What is the remainder when (-4)/k + (-1730)/(-70) is divided by 9?
7
Let h(i) = i**3 - i**2 - i + 14. Let v(t) = -t**2 + 8*t - 7. Let x be -4*7*(-2)/8. Let z be v(x). Calculate the remainder when h(z) is divided by 4.
2
Suppose -r = -i + 2, -2*i = 5*r - 25 + 7. Suppose 5*q + v = 26 + 53, 0 = -4*v - i. Calculate the remainder when q is divided by 6.
4
Let l(b) = -b**2 + 14*b + 34. Let x be l(16). Suppose -x*q = -96 - 60. What is the remainder when q is divided by 20?
18
Let s be (-3 - (-32)/12)*-639. Suppose 2*q + 41 + 18 = f, 3*q - s = -3*f. What is the remainder when f is divided by 17?
16
Suppose 0 = -11*y + 2*y + 108. What is the remainder when 77 is divided by y?
5
Calculate the remainder when 134*(-11)/(-22) + 2 + 4 is divided by 25.
23
Let k(y) = y**3 - 4*y**2 + 4*y + 2. Let c be k(2). Suppose -c*i + 2*w + 16 = 7*w, 0 = -4*w. What is the remainder when i is divided by 1?
0
Suppose -537 = -2*c + 5*y, 2*y - 2 + 4 = 0. What is the remainder when c is divided by 10?
6
Suppose 4*w = -4*w + 176. What is the remainder when (-11 - 0)/(3 + w/(-7)) is divided by 16?
13
Suppose -7*w + 39 + 87 = 0. What is the remainder when 197 is divided by w?
17
Let r = -97 - -148. Suppose 23*u - 274 = 25. What is the remainder when r is divided by u?
12
Suppose -19*v - 139 = -1355. What is the remainder when 137 is divided by v?
9
Suppose 276 = -11*l - 483. Let q = l - -100. Calculate the remainder when q is divided by 9.
4
Let i be (-36)/3 - 6*4/(-6). What is the remainder when 29 is divided by (-16)/(-6)*(-30)/i*1?
9
Suppose -8*u + 1353 = 25*u. Calculate the remainder when 1434 is divided by u.
40
Let b = -8 - -15. Suppose b - 41 = -2*x. Suppose 0 = 4*c - 4, -3*c + 8*c + 13 = 3*h. Calculate the remainder when x is divided by h.
5
Suppose -15 = -5*c - 5*n, -8 = 5*c - 5*n + 17. What is the remainder when -1 + 4 + 19*6 - c is divided by 40?
38
Suppose 2*b = -s + 901, 2275 = -12*b + 17*b - 2*s. What is the remainder when b is divided by 12?
9
Let r = -386 - -436. What is the remainder when 149 is divided by r?
49
Suppose 2*d + 5 = 11. Let z be 3 + (-4 + d - -3). Suppose 3*v = -z*u + 4 + 31, -4*v - 2*u = -42. Calculate the remainder when 35 is divided by v.
5
Suppose 5*r - 7 = -3*h, -5*r - 2*h = -r - 6. What is the remainder when 9 is divided by r?
1
Suppose 2*r - 12 = -5*c, 4 = 2*c - 3*r - 16. Suppose 112 = c*i - 0. Suppose -i = -b - 3. Calculate the remainder when b is divided by 14.
11
Suppose 4*r - 2*x + x = 21, 0 = -2*r + 5*x + 15. Suppose 3 = b + r, k + b = 0. Suppose 0 = 2*z - k - 36. Calculate the remainder when z is divided by 5.
4
Let k = -70 - -101. What is the remainder when 180 is divided by k?
25
Let k = -1173 - -1324. Calculate the remainder when k is divided by 64.
23
Let f be (-126)/(-10) - (-14)/35. Let v = f - 2. Let u(z) = 3*z**2 + 4*z - 1. What is the remainder when u(-4) is divided by v?
9
Let j = 221 + 76. Let u = j + -133. Calculate the remainder when u is divided by 33.
32
Let s(w) = 3*w**2 + 3*w - 4. Calculate the remainder when 60 is divided by s(2).
4
Let q be 5/1 + 251 + -3. What is the remainder when 46/q + (-184)/(-22)*5 is divided by 4?
2
What is the remainder when 146 is divided by ((-531)/(-18) + -10)/(1/2)?
29
Let d = -486 + 688. Calculate the remainder when d is divided by 41.
38
Let l = 2 - 0. Let v = -1 + 3. Calculate the remainder when l is divided by v.
0
Suppose -5*b = 3*p - 10, 4*b - 4*p + 3*p - 8 = 0. Let j(z) = 11*z**2 - 2. Calculate the remainder when j(b) is divided by 11.
9
Suppose 5*p - 5*l + 86 - 526 = 0, -3*p = -2*l - 261. Suppose p*n = 82*n + 282. What is the remainder when n is divided by 16?
14
Suppose -361 = -16*m + 119. Calculate the remainder when 415 is divided by m.
25
Let q = -20 - -22. Let v = q - -1. Suppose 32 = z - 2*k - 19, -193 = -v*z - 4*k. Calculate the remainder when z is divided by 12.
11
Suppose -452 = 11*z - 826. Calculate the remainder when 70 is divided by z.
2
Let r be 2*4/(-24)*-6. Let b(y) = 9*y**2 + 0*y + 4*y - 3*y**r - 4 + 0. Calculate the remainder when b(2) is divided by 8.
4
Suppose 6 + 9 = 3*s. Let l = -2 + s. Suppose -k + 3*z = 7*z - 40, 0 = -l*z - 3. Calculate the remainder when k is divided by 23.
21
Let w(u) = -12*u - 171. Calculate the remainder when 269 is divided by w(-18).
44
Let g(l) = l**3 - 16*l**2 + 17*l - 45. Let h be g(15). What is the remainder when ((-54)/10)/(1/h) is divided by 17?
13
Suppose 7*w = 5*w + 3*z + 551, 1067 = 4*w + z. Calculate the remainder when w is divided by 30.
28
Let o be 1 + 9/(45/(-140)). Let m = o - -69. Calculate the remainder when m is divided by 11.
9
Let u = -64 + 205. Let j = u + -68. Calculate the remainder when j is divided by (25/(-15))/(3/(-45)).
23
Suppose 2*c - w - 20 = 0, -w + 26 + 26 = 4*c. Calculate the remainder when 60 is divided by c.
0
Suppose -9 = -u + 10. Suppose i + 0*h - 96 = -5*h, 0 = -i + 5*h + 126. Calculate the remainder when i is divided by u.
16
Let j(g) = -6*g + g**2 - 2*g + 6 + 0*g + 3*g. What is the remainder when j(5) is divided by 6?
0
Let q(x) be the second derivative of -x**5/20 + x**4 - 7*x**3/6 - 3*x**2 - x + 13. Calculate the remainder when q(10) is divided by 0 - 1*(-26 - -1).
24
Suppose -t - 2 = -3*n + 2, n - 8 = -3*t. What is the remainder when n/2 + 10 + 56 is divided by 12?
7
Let i(n) = -48*n**2 - 4*n - 4. Let g(y) = -32*y**2 - 3*y - 3. Let m(w) = 7*g(w) - 5*i(w). Calculate the remainder when 206 is divided by m(-1).
14
Let x(f) = 8*f - 25. Let l = -2 - -7. Suppose 0*c + 5*c + 191 = 3*d, 2*c = 5*d - 350. What is the remainder when d is divided by x(l)?
12
Let x be 2*(-6)/(-3) + -1. Suppose -o + 187 = 3*o + 3*q, -x*q = 9. Calculate the remainder when o is divided by 5*(-1 + 4) + -2.
10
Let a(c) = 6*c + 5. Let n be a(6). Suppose -n = -5*o + 54. Calculate the remainder when 2 + 0 + 1 + (-1551)/(-47) is divided by o.
17
Suppose 5*c = -45 + 195. What is the remainder when 86 is divided by c?
26
Suppose -3*q + 5*p - 20 = 4, 4*q - 5*p + 27 = 0. Let i be (-12)/q + -4 + -4. What is the remainder when 1/(-1)*(i - 18) is divided by 6?
4
Let h(y) = 2*y**2 - 14*y + 8. What is the remainder when -3*((-2 - (-13)/(-3)) + 0) is divided by h(7)?
3
Suppose -2*l - 3*x - 14 = x, x + 4 = 0. Let h(q) = 12*q**2 + 7*q + 5. Let d be h(-1). Suppose d*r - 29 = -9. What is the remainder when r is divided by l?
0
Suppose -88 = -t - 4*q, 2*q + 14 = -t + 100. What is the remainder when t is divided by 5?
4
Suppose -35*t = -118 + 13. Calculate the remainder when 16 is divided by t.
1
What is the remainder when 69 is divided by ((-345)/10 - 3)*(-18)/27?
19
Suppose 42 - 14 = 2*u. Let f(b) = -2*b + 19. Calculate the remainder when f(-10) is divided by u.
11
Let k = -17 - 83. Let j = -95 - k. What is the remainder when 21 is divided by j?
1
Let b(p) = p**3 + 3*p**2 - 17*p + 23. Calculate the remainder when b(5) is divided by 39.
21
Let z = -1208 - -1232. Suppose y = 2*m, -3*y - 6 = -4*y - 4*m. Suppose v + x + 68 = y*v, 0 = 5*x - 15. What is the remainder when v is divided by z?
23
Suppose 0 = -21*t + 9970 + 5402. Calculate the remainder when t is divided by 23.
19
Let y(v) = -v**2 + 11*v - 9. Let q be y(5). Let u be q/14 + 1/2. Suppose 0 = i + u - 14. What is the remainder when 59 is divided by i?
11
Calculate the remainder when 5 - (-5 + -30 - -1) is divided by 12.
3
Calculate the remainder when -5 - 3*(-322)/(-21)*-1 is divided by 39.
2
Let u(y) = -2*y + 6. Let g be u(12). Let p = g - -21. Calculate the remainder when 159/(-3)*p/(-3) is divided by 18.
17
Suppose 0 = 2*y - 2, 5*p + 3*y - 443 = 0. Suppose -2*d = 24*q - 19*q - 41, 0 = -d - 2*q + 19. Calculate the remainder when p is divided by d.
10
Let s = 12 + -9. Let y be 7*(s - 1)/2. Suppose -2 = -n + y. Calculate the remainder when n is divided by 6.
3
Let l(c) = 5*c**2 + 29*c + 13. Calculate the remainder when l(-8) is divided by (-156)/24*(-2)/1.
10
Suppose -5*o + 25 - 10 = 0. Suppose -4*i - 92 = 4*l, 0 = 4*i - o*l + 80 + 5. Let s = -16 - i. Calculate the remainder when 10 is divided by s.
4
Let i = -49 - -48. Let t = -72 + 129. Calculate the remainder when t is divided by (i - -4*4)/1.
12
Let v = 446 + -